ulate the remainder when 2514 is divided by 20.
14
What is the remainder when 14 is divided by 11?
3
Calculate the remainder when 3277 is divided by 149.
148
What is the remainder when 10260 is divided by 33?
30
Calculate the remainder when 309 is divided by 89.
42
Calculate the remainder when 4178 is divided by 1391.
5
Calculate the remainder when 2850 is divided by 62.
60
Calculate the remainder when 65 is divided by 16.
1
What is the remainder when 1633 is divided by 75?
58
Calculate the remainder when 288 is divided by 10.
8
Calculate the remainder when 2714 is divided by 43.
5
Calculate the remainder when 3681 is divided by 14.
13
Calculate the remainder when 35859 is divided by 55.
54
Calculate the remainder when 895 is divided by 112.
111
What is the remainder when 113 is divided by 24?
17
Calculate the remainder when 181 is divided by 19.
10
What is the remainder when 10667 is divided by 84?
83
What is the remainder when 209 is divided by 96?
17
Calculate the remainder when 297 is divided by 50.
47
Calculate the remainder when 272 is divided by 69.
65
What is the remainder when 555 is divided by 141?
132
What is the remainder when 7321 is divided by 26?
15
Calculate the remainder when 438 is divided by 88.
86
What is the remainder when 757 is divided by 184?
21
What is the remainder when 2308 is divided by 55?
53
Calculate the remainder when 682 is divided by 112.
10
Calculate the remainder when 607 is divided by 278.
51
What is the remainder when 22869 is divided by 24?
21
Calculate the remainder when 265 is divided by 67.
64
Calculate the remainder when 152 is divided by 37.
4
What is the remainder when 1112 is divided by 21?
20
What is the remainder when 1213 is divided by 38?
35
What is the remainder when 78 is divided by 20?
18
Calculate the remainder when 19633 is divided by 269.
265
What is the remainder when 1915 is divided by 27?
25
Calculate the remainder when 3581 is divided by 16.
13
What is the remainder when 1970 is divided by 94?
90
Calculate the remainder when 8846 is divided by 118.
114
What is the remainder when 31865 is divided by 124?
121
Calculate the remainder when 599 is divided by 60.
59
Calculate the remainder when 2485 is divided by 21.
7
What is the remainder when 3872 is divided by 4?
0
What is the remainder when 155 is divided by 72?
11
Calculate the remainder when 55277 is divided by 80.
77
Calculate the remainder when 777 is divided by 87.
81
Calculate the remainder when 988 is divided by 245.
8
What is the remainder when 49 is divided by 28?
21
Calculate the remainder when 305 is divided by 46.
29
What is the remainder when 248 is divided by 133?
115
What is the remainder when 175 is divided by 33?
10
Calculate the remainder when 53 is divided by 32.
21
What is the remainder when 924 is divided by 8?
4
What is the remainder when 584 is divided by 19?
14
Calculate the remainder when 213 is divided by 17.
9
Calculate the remainder when 530 is divided by 58.
8
What is the remainder when 204 is divided by 42?
36
What is the remainder when 150 is divided by 14?
10
What is the remainder when 175 is divided by 18?
13
Calculate the remainder when 12260 is divided by 261.
254
What is the remainder when 173 is divided by 8?
5
Calculate the remainder when 1 is divided by 1.
0
What is the remainder when 1746 is divided by 23?
21
Calculate the remainder when 155 is divided by 65.
25
What is the remainder when 168 is divided by 134?
34
Calculate the remainder when 345 is divided by 38.
3
What is the remainder when 440 is divided by 236?
204
Calculate the remainder when 136 is divided by 112.
24
Calculate the remainder when 313 is divided by 7.
5
Calculate the remainder when 249 is divided by 100.
49
What is the remainder when 105 is divided by 22?
17
What is the remainder when 1009 is divided by 11?
8
Calculate the remainder when 283 is divided by 25.
8
What is the remainder when 217 is divided by 15?
7
What is the remainder when 2218 is divided by 242?
40
Calculate the remainder when 6577 is divided by 35.
32
What is the remainder when 247 is divided by 42?
37
What is the remainder when 101 is divided by 28?
17
What is the remainder when 360 is divided by 157?
46
Calculate the remainder when 621 is divided by 16.
13
What is the remainder when 979 is divided by 8?
3
Calculate the remainder when 442 is divided by 111.
109
Calculate the remainder when 39 is divided by 37.
2
What is the remainder when 232 is divided by 78?
76
Calculate the remainder when 108 is divided by 56.
52
Calculate the remainder when 358 is divided by 19.
16
What is the remainder when 2727 is divided by 88?
87
What is the remainder when 39 is divided by 8?
7
What is the remainder when 586 is divided by 152?
130
Calculate the remainder when 1336 is divided by 83.
8
What is the remainder when 602 is divided by 594?
8
Calculate the remainder when 568 is divided by 38.
36
What is the remainder when 135 is divided by 70?
65
What is the remainder when 693 is divided by 103?
75
Calculate the remainder when 99 is divided by 28.
15
What is the remainder when 1531 is divided by 20?
11
What is the remainder when 1595 is divided by 38?
37
Calculate the remainder when 159 is divided by 121.
38
What is the remainder when 1282 is divided by 35?
22
What is the remainder when 380 is divided by 78?
68
Calculate the remainder when 27 is divided by 19.
8
Calculate the remainder when 419 is divided by 17.
11
Calculate the remainder when 4883 is divided by 12.
11
Calculate the remainder when 105 is divided by 18.
15
What is the remainder when 930 is divided by 81?
39
Calculate the remainder when 800 is divided by 15.
5
What is the remainder when 108 is divided by 34?
6
Calculate the remainder when 1611 is divided by 85.
81
What is the remainder when 1218 is divided by 5?
3
What is the remainder when 1848 is divided by 74?
72
Calculate the remainder when 954 is divided by 240.
234
What is the remainder when 88 is divided by 16?
8
Calculate the remainder when 35 is divided by 25.
10
What is the remainder when 429 is divided by 206?
17
What is the remainder when 607 is divided by 76?
75
Calculate the remainder when 96 is divided by 87.
9
Calculate the remainder when 157 is divided by 24.
13
What is the remainder when 1523 is divided by 1508?
15
Calculate the remainder when 177 is divided by 14.
9
Calculate the remainder when 742 is divided by 364.
14
What is the remainder when 1972 is divided by 960?
52
What is the remainder when 1272 is divided by 247?
37
What is the remainder when 2561 is divided by 12?
5
Calculate the remainder when 77 is divided by 39.
38
What is the remainder when 198 is divided by 63?
9
Calculate the remainder when 625 is divided by 5.
0
Calculate the remainder when 2240 is divided by 59.
57
What is the remainder when 628 is divided by 20?
8
What is the remainder when 380 is divided by 26?
16
What is the remainder when 76 is divided by 11?
10
What is the remainder when 2082 is divided by 694?
0
Calculate the remainder when 114 is divided by 39.
36
Calculate the remainder when 314 is divided by 40.
34
Calculate the remainder when 106 is divided by 55.
51
What is the remainder when 583 is divided by 123?
91
Calculate the remainder when 116 is divided by 49.
18
Calculate the remainder when 305 is divided by 9.
8
Calculate the remainder when 3260 is divided by 53.
27
Calculate the remainder when 4534 is divided by 17.
12
What is the remainder when 558 is divided by 81?
72
What is the remainder when 68 is divided by 41?
27
What is the remainder when 46 is divided by 13?
7
What is the remainder when 1365 is divided by 12?
9
Calculate the remainder when 3183 is divided by 177.
174
Calculate the remainder when 1039 is divided by 7.
3
Calculate the remainder when 232 is divided by 47.
44
Calculate the remainder when 105 is divided by 81.
24
What is the remainder when 258 is divided by 18?
6
What is the remainder when 373 is divided by 71?
18
What is the remainder when 97 is divided by 21?
13
What is the remainder when 27 is divided by 6?
3
What is the remainder when 410 is divided by 54?
32
Calculate the remainder when 1210 is divided by 16.
10
Calculate the remainder when 606 is divided by 22.
12
What is the remainder when 249 is divided by 97?
55
What